-20
Let l(r) be the third derivative of -r**4/12 + r**2. Suppose -2*b - k - 3*k = -16, -14 = -b + 4*k. Suppose -b = -4*v - v. Calculate l(v).
-4
Let b(x) = -7*x + 7. Suppose -2*y + 31 = -5*f, 4*f = -f - y - 22. Let n(g) = 4*g - 3. Let s(z) = f*n(z) - 3*b(z). What is s(0)?
-6
Let q(a) = 5*a**3 - a**2 + 1. Let w be -2 + 1/(-2 - -3). Determine q(w).
-5
Let t(z) = z**2 + z. Let y(r) = 2*r**2 + 9*r - 1. Let h(j) = 3*t(j) - y(j). Determine h(6).
1
Let k(p) be the third derivative of p**5/60 - p**4/3 + p**3/6 + 23*p**2. Calculate k(7).
-6
Let k(i) = i**3 + 6*i**2 + i + 10. Let r be k(-6). Let j(y) = -y**2 + 3*y - 1. Determine j(r).
-5
Let u(o) = o**2 + 5*o + 1. Let d(p) = -2*p**2 - 10*p - 2. Let g(b) = 4*d(b) + 9*u(b). Calculate g(-5).
1
Let n(v) = 22*v**2 + 10. Let p(o) = 7*o**2 + 3. Let g(j) = 3*n(j) - 10*p(j). Suppose 0 = f + 2 - 3. Let c = 2 - f. Give g(c).
-4
Suppose 3*k + 0*k = 15. Let c(m) = -m - 3. Let i(j) = 1. Let u(t) = -c(t) - 4*i(t). Calculate u(k).
4
Let o(m) = 5*m**3 - 5*m**2 - 5*m + 19. Let f(n) = 11*n**3 - 11*n**2 - 11*n + 38. Let a(w) = 6*f(w) - 13*o(w). What is a(0)?
-19
Let a(v) = v**2 + 9*v - 13. Let h be a(-11). Let y(s) = s + h + 2*s - 2*s. Calculate y(-5).
4
Let r be 2/(-10) - 4/(-20). Suppose g = 4 - r. Suppose -7 = g*s + 9. Let u(j) = j**2 + 3*j + 2. Give u(s).
6
Let n(q) = q - 2. Let l be n(4). Let o(m) = -2 - 1 + 3*m + 2 + m**l. What is o(-3)?
-1
Let x(r) = -r + 4. Let p be x(4). Let q(b) = b. Give q(p).
0
Let o(p) = 8*p**2 + 15*p + 1. Let n(b) = 13*b**2 + 23*b + 2. Let u(q) = -5*n(q) + 8*o(q). Determine u(5).
-2
Let f(b) = 0*b - 3 - 3 + b + b**2 + 3. Let r = 18 + -22. Give f(r).
9
Let a(d) be the first derivative of d**2/2 + 3*d + 4. Give a(0).
3
Let q(r) = 3*r + 7. Let y be q(9). Suppose 5*a - y = -9. Let i(b) = b - 1. Give i(a).
4
Suppose p + 3*q = -10, 2*p - 7*p + 30 = -q. Let d = p + -3. Let x(f) = -3 - 7 + 6 + d*f. Determine x(5).
6
Let z(r) = -r + 2. Let h be z(-4). Let b(m) = m**2 - 2*m - 8. Give b(h).
16
Let x(k) = 6*k**3 + 2*k**2 - 2*k + 1. Let z be (-1)/((-1)/(-2) + -1). Let j = z + -1. Give x(j).
7
Let r(s) = -s**2 - 4*s + 4. Let g(d) = d - 10. Let j be g(5). What is r(j)?
-1
Let q(o) = -o - 1. Let k(x) = -2*x - 5. Let a(f) = -k(f) + 4*q(f). What is a(-1)?
3
Suppose u - 6 = g - 0, 3*u = 6. Let t(z) = -7*z + 7. Let m(d) = 3*d - 3. Let s(y) = g*t(y) - 9*m(y). Determine s(3).
2
Let s be 32/12*9/6. Let a(p) = p**3 - 5*p**2 + 3*p + 4. Determine a(s).
0
Let w(i) be the second derivative of -i**4/12 + 7*i**3/6 - i**2/2 - 3*i. Suppose -a - a + 12 = 0. Determine w(a).
5
Let o(u) = -10*u + 10. Let g(t) = 3*t - 3. Let m(v) = 7*g(v) + 2*o(v). Give m(-2).
-3
Let i(v) be the second derivative of -v**3/6 + 2*v**2 + 9*v. Calculate i(4).
0
Let a(v) = v**3 - v + 2. Let x = -8 - -12. Suppose 14 = 5*g - x*g. Let h be g/6 - (-3)/(-9). What is a(h)?
8
Let f = 13 - 11. Let p(g) = 0*g**3 - g**3 + 0*g**3 + 4*g**f - 3*g**2 + g. What is p(2)?
-2
Let y(u) be the third derivative of -u**5/60 + 7*u**4/24 - u**3/6 + 18*u**2. What is y(5)?
9
Let m(y) = -9*y - 41*y**2 + 24*y**2 - 1 + 19*y**2. Let o be m(5). Let r(c) = -c**2 + 6*c - 2. Calculate r(o).
6
Let b(q) = 8*q**2 - 14*q - q**3 + 8*q - 7 - q**2. Calculate b(6).
-7
Let m = 19 - 16. Suppose -z + m*z = -2. Let j(d) = -3*d. Calculate j(z).
3
Let v(g) = -g + 1. Suppose 0 - 6 = -3*o. Calculate v(o).
-1
Let n(m) be the first derivative of -2*m**3/3 + 5*m**2/2 - 17. What is n(4)?
-12
Let z(t) = t**2 - t + 2. Let s be 1/8 - 165/(-88). Calculate z(s).
4
Suppose s + 0 = -5. Let r = s + 5. Let i(d) = -1 - 2 + 4*d**2 + 0 - 3*d**2. Give i(r).
-3
Let i(g) = -2*g - 4. Let k be i(-2). Let z(v) = v - 10. Give z(k).
-10
Let j(d) = -36 + 31 + 0*d**2 + 6*d - d**2. Give j(6).
-5
Suppose -38 = -4*u + 2*x, -u + 3*x = -6 - 6. Let a(g) = 0*g - 1 + 0*g + u*g. What is a(-1)?
-10
Let a(s) be the first derivative of -s**2 + 6*s - 26. Calculate a(6).
-6
Let d(u) = u + 1. Let o(q) = -q**3 + 8*q**2 - 6*q - 3. Let t be o(7). Let i = -3 + 6. Suppose -t*x - 5*j = -12, -8*j + i*j - 6 = -2*x. Determine d(x).
4
Let z(r) = r**3 + 2*r**2 - 2*r + 2 - 7*r**2 + 2*r. What is z(5)?
2
Let j(i) = i**3 + 4*i**2 - i + 5. Let m = 55 + -59. What is j(m)?
9
Let n be 2 + (1 - -1) + -1. Suppose 5*u + 12 = 2*z - n, -3*z - 5*u = 40. Let k(b) = b**3 + 4*b**2 - 2*b + 7. What is k(z)?
-8
Suppose -7 = -2*r + 1. Suppose -7 = -r*q - 3. Let v(j) = 8*j**2 + 1. Give v(q).
9
Let l = -14 + 28. Let g(i) = -6*i + 13*i + l + 2*i - 8*i. What is g(-6)?
8
Let t(m) = -m**2 + 3*m - 1. Let v(o) = o**3 - 7*o**2 + 8*o - 4. Let i be v(6). Let d = i + -5. Give t(d).
-1
Let v(m) = -m**3 - m**2 - m - 1. Let j(u) be the third derivative of u**6/60 + 3*u**5/20 + u**4/6 + u**2. Let y(f) = j(f) + 3*v(f). Determine y(6).
3
Let z(g) = -11*g**2. Let d(k) = -k**3 + 4*k**2 + 6*k + 5. Let r be d(5). Let b = 11 - r. What is z(b)?
-11
Suppose 2*v = -3*w + 38, -v - 28 = -4*w + 2*v. Suppose 5*i = -10, -3*i + w = 2*c - 7*i. Let n(a) = 6*a + 1. Give n(c).
7
Suppose 5*a - 7*a + q + 12 = 0, 0 = a + 5*q + 5. Let l(t) = t**2 - t - 7. Give l(a).
13
Suppose -p + 4*p = 9. Let y(w) = -w**2 + 5*w - 4. Determine y(p).
2
Let j(v) be the second derivative of 0 - 1/2*v**3 + v - 2*v**2. Determine j(-3).
5
Let f(o) be the third derivative of 0*o**3 + 0 - 6*o**2 - 1/24*o**4 + 1/20*o**5 + 0*o. Determine f(-1).
4
Let i(l) = l**3 + 6*l**2 - 2*l + 3. Let v(t) = 2*t**3 + 11*t**2 - 3*t + 5. Let h(w) = -5*i(w) + 3*v(w). What is h(-2)?
2
Let t(p) = 7*p**3 + 12*p + 7. Let k(b) = -6*b**3 - b**2 - 11*b - 6. Let s(c) = 6*k(c) + 5*t(c). Determine s(-5).
4
Let g = 1 + -3. Let u be g/(4/(-6)) + 1. Let v(j) = -u - 3 - j + 4. What is v(0)?
-3
Let v(m) = m**3 - 6*m - m**2 - m**2 + 4 - 3. Calculate v(4).
9
Suppose -h = 11 + 2. Let z = -18 - h. Let m(u) be the third derivative of -u**6/120 - u**5/12 + u**4/24 + 7*u**3/6 + u**2. Calculate m(z).
2
Let u(y) be the first derivative of -y**2/2 + y - 33. Calculate u(2).
-1
Let h(n) = n**2 - 8*n + 5. Let c(x) = 3*x**2 - 23*x + 14. Let w(b) = -4*c(b) + 11*h(b). Calculate w(4).
-1
Let f(r) = -r**2 - 7*r - 9. Let c(w) = -w + 8. Let a be c(8). Let t = -6 + a. Determine f(t).
-3
Let u(a) = -6*a - 1. Suppose -k = c - 3, 0*k - 2*k - 10 = -2*c. What is u(k)?
5
Let k(b) = -8*b + 5. Let l(q) = 15*q - 9. Let j(m) = 11*k(m) + 6*l(m). Give j(-6).
-11
Let m(i) = -4 - 2*i**2 + 5*i + 0*i - 3*i**2 - i**3. Determine m(-6).
2
Let t = 7 + -7. Let o(u) = -3 + t*u - u**2 + 5*u - 2*u + 3*u. Determine o(5).
2
Let h = -11 + 15. Suppose -3*i = -h*y + 15, 5*y - 4*i - 17 = 3. Let t(w) = 3*w + 3. Let k(v) = 10*v + 9. Let s(z) = -2*k(z) + 7*t(z). Give s(y).
3
Let m(a) = a**3 + 6*a**2 - 7*a + 2. Suppose 2 - 9 = x. What is m(x)?
2
Let a(t) = t**2 + 2*t - 7. Let r be 24/(-16)*20/6. Calculate a(r).
8
Let c(s) be the second derivative of -1/12*s**4 + 1/6*s**3 + 0 + 3*s - 5/2*s**2. Calculate c(0).
-5
Let z(n) = 2*n**2 + 3*n + 2. Let u(i) be the third derivative of i**4/24 - 11*i**3/6 - 7*i**2. Let p be u(9). Determine z(p).
4
Let u(y) = y**2 + 4*y. Let o = 14 - 12. Suppose -6 - o = 2*l. Give u(l).
0
Let f(u) = -u**2 - 5*u - 5. Let j be f(-4). Let h = j + 3. Let y(k) = h*k + 4 - k**2 - 3*k + 2*k. Give y(3).
-2
Let l(f) = f**3 + f**2 + f + 4. Let w = 98 + -98. What is l(w)?
4
Let d(u) = 6*u**2 + u - 1. Let p = -1 + 3. Suppose -p*b = b. Suppose 5*x = 5 - b. Determine d(x).
6
Let i = 12 - 9. Suppose -r + i = 2*o, r + o - 1 + 2 = 0. Let w(b) = -b - 1. What is w(r)?
4
Let j(g) = 2*g**2 - 3*g**2 - 3 + g**3 + 3*g**2 - g**2 + g. Suppose -3*z = -z. Determine j(z).
-3
Suppose -5*b - 34 = -4. Suppose 4*d = -0*t - 4*t - 20, -3 = -5*t + 2*d. Let y = b - t. Let z(u) = -u**3 - 5*u**2 - 3*u - 6. Calculate z(y).
9
Let x(f) = -3 - 3*f + 0 + 2*f. Let a = -6 + 6. Suppose 0 = -t - 5*m + 10, a*m - 1 = -m. What is x(t)?
-8
Let g be 2*(-1 - 3/(-6)). Let q = 0 - g. Let a(o) = -4*o + 6. Let k(b) = -b + 1. Let x(h) = 2*a(h) - 12*k(h). Determine x(q).
4
Let g(z) be the first derivative of 1/3*z**3 + 3 - 3*z**2 + 2*z. Let j be g(6). Let u(m) = -m**3 - 2*m**2 + 3*m. Give u(j).
-10
Suppose 2*o - 6 = w + w, -2*o = 5*w + 8. Let l(m) = 18*m + o - 18*m - 2*m**3. Calculate l(-1).
3
Let i(c) be the third derivative of -c**4/24 + c**3/6 - 2*c**2. Let r(a) = -13*a + 4. Let p = 6 - 1. Let m(d) = p*i(d) - r(d). What is m(-1)?
-7
Let c be (0/(1 + -3